What is the hundred thousands digit of 120220?
1
What is the tens digit of 671767?
6
What is the thousands digit of 2898430?
8
What is the hundreds digit of 21482425?
4
What is the hundred thousands digit of 587057?
5
What is the hundreds digit of 134005?
0
What is the tens digit of 2398204?
0
What is the millions digit of 5666074?
5
What is the ten thousands digit of 6087731?
8
What is the hundred thousands digit of 8844636?
8
What is the hundreds digit of 34156611?
6
What is the ten thousands digit of 4623148?
2
What is the units digit of 246582?
2
What is the thousands digit of 117163?
7
What is the tens digit of 802727?
2
What is the hundreds digit of 3093674?
6
What is the hundred thousands digit of 5483155?
4
What is the hundred thousands digit of 241030?
2
What is the millions digit of 4906492?
4
What is the units digit of 4539770?
0
What is the hundred thousands digit of 312519?
3
What is the hundreds digit of 3588?
5
What is the ten thousands digit of 348775?
4
What is the thousands digit of 6502143?
2
What is the thousands digit of 6680654?
0
What is the tens digit of 397968?
6
What is the ten thousands digit of 197635?
9
What is the ten thousands digit of 1714331?
1
What is the units digit of 12447642?
2
What is the units digit of 224124?
4
What is the hundred thousands digit of 3099760?
0
What is the hundreds digit of 5276447?
4
What is the hundred thousands digit of 402039?
4
What is the tens digit of 247223?
2
What is the thousands digit of 160290?
0
What is the units digit of 3257810?
0
What is the thousands digit of 13392717?
2
What is the units digit of 19257349?
9
What is the units digit of 7796?
6
What is the tens digit of 17283059?
5
What is the ten thousands digit of 121674?
2
What is the ten thousands digit of 115008?
1
What is the ten thousands digit of 13271935?
7
What is the millions digit of 16947431?
6
What is the tens digit of 1742353?
5
What is the millions digit of 2801884?
2
What is the ten thousands digit of 159661?
5
What is the tens digit of 9967162?
6
What is the ten thousands digit of 183357?
8
What is the tens digit of 9766246?
4
What is the units digit of 448296?
6
What is the hundreds digit of 1088935?
9
What is the hundreds digit of 266289?
2
What is the hundred thousands digit of 335821?
3
What is the tens digit of 9567569?
6
What is the tens digit of 9207286?
8
What is the tens digit of 21345413?
1
What is the hundred thousands digit of 6999505?
9
What is the tens digit of 692302?
0
What is the tens digit of 474768?
6
What is the units digit of 489366?
6
What is the tens digit of 492111?
1
What is the units digit of 154537?
7
What is the millions digit of 3412516?
3
What is the units digit of 9115424?
4
What is the thousands digit of 1213046?
3
What is the thousands digit of 1738636?
8
What is the tens digit of 4796334?
3
What is the tens digit of 18432639?
3
What is the thousands digit of 301593?
1
What is the thousands digit of 176764?
6
What is the hundreds digit of 345?
3
What is the units digit of 3643641?
1
What is the ten thousands digit of 8328168?
2
What is the tens digit of 852276?
7
What is the thousands digit of 8441110?
1
What is the millions digit of 4701662?
4
What is the hundreds digit of 2271878?
8
What is the hundred thousands digit of 234287?
2
What is the hundreds digit of 1735415?
4
What is the ten thousands digit of 319419?
1
What is the tens digit of 40118896?
9
What is the ten thousands digit of 38603?
3
What is the millions digit of 2318387?
2
What is the hundreds digit of 1454931?
9
What is the ten thousands digit of 181929?
8
What is the ten thousands digit of 410101?
1
What is the ten thousands digit of 217465?
1
What is the ten thousands digit of 18841948?
4
What is the tens digit of 3068576?
7
What is the units digit of 305079?
9
What is the millions digit of 9908835?
9
What is the tens digit of 2675326?
2
What is the tens digit of 17454400?
0
What is the hundreds digit of 840598?
5
What is the hundred thousands digit of 1500560?
5
What is the hundred thousands digit of 1498678?
4
What is the hundreds digit of 8051808?
8
What is the ten thousands digit of 13722041?
2
What is the thousands digit of 364802?
4
What is the units digit of 3588246?
6
What is the thousands digit of 9937256?
7
What is the thousands digit of 1987384?
7
What is the units digit of 1053997?
7
What is the thousands digit of 1187004?
7
What is the millions digit of 5286770?
5
What is the hundreds digit of 3658048?
0
What is the hundred thousands digit of 492480?
4
What is the hundred thousands digit of 682132?
6
What is the tens digit of 1909471?
7
What is the thousands digit of 654540?
4
What is the millions digit of 35696953?
5
What is the hundreds digit of 13016865?
8
What is the thousands digit of 193253?
3
What is the hundreds digit of 34812?
8
What is the tens digit of 311721?
2
What is the thousands digit of 209746?
9
What is the ten millions digit of 11471546?
1
What is the thousands digit of 2783122?
3
What is the hundred thousands digit of 765105?
7
What is the thousands digit of 48114?
8
What is the ten millions digit of 22029022?
2
What is the millions digit of 8880639?
8
What is the thousands digit of 436360?
6
What is the thousands digit of 226876?
6
What is the millions digit of 20267020?
0
What is the units digit of 2581994?
4
What is the tens digit of 73?
7
What is the hundred thousands digit of 6893590?
8
What is the thousands digit of 1669526?
9
What is the thousands digit of 195773?
5
What is the tens digit of 10719088?
8
What is the tens digit of 216552?
5
What is the hundreds digit of 232911?
9
What is the millions digit of 41728159?
1
What is the ten thousands digit of 5666331?
6
What is the ten thousands digit of 152990?
5
What is the units digit of 16093091?
1
What is the hundreds digit of 1366968?
9
What is the ten thousands digit of 6319091?
1
What is the tens digit of 83947?
4
What is the tens digit of 11371728?
2
What is the units digit of 1355?
5
What is the units digit of 14015517?
7
What is the tens digit of 36156?
5
What is the units digit of 560482?
2
What is the ten thousands digit of 652384?
5
What is the millions digit of 1681446?
1
What is the hundreds digit of 202215?
2
What is the millions digit of 8225389?
8
What is the hundred thousands digit of 637557?
6
What is the tens digit of 965710?
1
What is the ten thousands digit of 132651?
3
What is the tens digit of 622517?
1
What is the hundreds digit of 120032?
0
What is the ten millions digit of 18337105?
1
What is the millions digit of 5471425?
5
What is the millions digit of 9873830?
9
What is the units digit of 647247?
7
What is the thousands digit of 584361?
4
What is the thousands digit of 504305?
4
What is the thousands digit of 5314618?
4
What is the units digit of 337936?
6
What is the units digit of 2254661?
1
What is the hundred thousands digit of 6112955?
1
What is the hundred thousands digit of 475334?
4
What is the ten millions digit of 26475976?
2
What is the tens digit of 541378?
7
What is the units digit of 222332?
2
What is the thousands digit of 10431388?
1
What is the hundred thousands digit of 547239?
5
What is the ten thousands digit of 154113?
5
What is the hundreds digit of 38056203?
2
What is the hundred thousands digit of 336156?
3
What is the ten thousands digit of 25460?
2
What is the ten millions digit of 14576544?
1
What is the ten millions digit of 17978091?
1
What is the tens digit of 3579484?
8
What is the units digit of 327180?
0
What is the ten thousands digit of 11790858?
9
What is the hundreds digit of 2240867?
8
What is the units digit of 92798?
8
What is the units digit of 183864?
4
What is the units digit of 207541?
1
What is the ten thousands digit of 1679588?
7
What is the hundred thousands digit of 514135?
5
What is the tens digit of 1502257?
5
What is the thousands digit of 137519?
7
What is the millions digit of 8992419?
8
What is the hundreds digit of 9624377?
3
What is the thousands digit of 8568558?
8
What is the thousands digit of 9528026?
8
What is the tens digit of 5268317?
1
What is the units digit of 128481?
1
What is the hundreds digit of 223468?
4
What is the ten thousands digit of 5157282?
5
What is the hundred thousands digit of 611896?
6
What is the hund